 factors of u(f)?
11
Suppose 4*b - 12 - 28 = 0. List the prime factors of b.
2, 5
Let a = -7 - -16. List the prime factors of a.
3
Let b be 2/2 - 1 - 4. Let z be 70/(-8) + b/16. What are the prime factors of 115/9 + (-2)/z?
13
Let s(k) = 10*k - 44. List the prime factors of s(17).
2, 3, 7
Let r = -35 - -6. Let i = 41 + r. List the prime factors of i.
2, 3
Let a(p) = p**2 + 8*p - 6. What are the prime factors of a(8)?
2, 61
List the prime factors of 41*2 - (-5 + 4).
83
Let i be 2 + 0/1 + 0. Let z = 6 - i. List the prime factors of z.
2
Let f(w) = 3*w**3 - 3*w + 2. Let n be f(1). Let g(b) = b**3 + b**2 - b + 2. Let m be g(-2). Let o = n + m. What are the prime factors of o?
2
Suppose 0 = -y - 4*y + 25, -4*y - 16 = -4*p. Suppose 0 = -5*c + t + 6, -p = -5*t + 11. What are the prime factors of c?
2
Let i = -361 - -196. List the prime factors of 1038/22 + 30/i.
47
Let b = 58 + -32. List the prime factors of b.
2, 13
Suppose -3*w - 2*w = -25. Suppose 3*g - 3*l = -g + 99, w*l = -4*g + 59. List the prime factors of g.
3, 7
Suppose 0 = -0*k + 5*k + 5*p - 350, 3*k - 186 = 3*p. List the prime factors of k.
2, 3, 11
Let a = 7 + -4. What are the prime factors of 4*(2 - (a - 2))?
2
Suppose 3*d - 286 = 5*u + 99, -4*d = 2*u - 496. Suppose 10*a - 5*a - d = 0. What are the prime factors of a?
5
Let m = -22 + 10. Let o = -2 - m. Suppose -2*r + 5 = z - 10, 0 = -4*z + 2*r + o. What are the prime factors of z?
5
Suppose 3*c = -19 + 142. List the prime factors of c.
41
Let i(g) = g**3 + 12*g**2 - g + 14. List the prime factors of i(-12).
2, 13
Suppose 4*p + 16 = 84. Let w = p - 12. What are the prime factors of w?
5
Suppose t - 189 = -3*w, -6*t + 911 = -t - 2*w. What are the prime factors of t?
3, 61
Let c = 13 + 0. Let f = c + -6. List the prime factors of f.
7
Suppose k - 5*w - 6 = -32, -w + 7 = -2*k. What are the prime factors of ((k - 22)*-2)/2?
23
Let c be 1*(-4)/(1 + 0). List the prime factors of (-1 + 18/c)*-2.
11
Let n be 6 - (0 - (-1 + 2)). Let b(r) = r**2 - 5*r - 10. What are the prime factors of b(n)?
2
Suppose -5*m = -m. List the prime factors of (-224)/(-8) - (m + 0).
2, 7
Let o(y) = -y**3 + 4*y**2 - y - 3. Let d be o(3). Suppose 3*s - 9 = d. Let q = s + 5. List the prime factors of q.
3
What are the prime factors of 1 + (61 - (1 - 3))?
2
Let k = 1 + 1. Suppose 2*x + 3*x + 3*t - 238 = 0, -x + t + 46 = 0. What are the prime factors of k/(-5) - x/(-5)?
3
Let z = 32 - -5. What are the prime factors of z?
37
Let p(j) = -j**3 + 5*j**2 + 3*j - 1. Suppose 5 = 3*u - 2*u. What are the prime factors of p(u)?
2, 7
Suppose -6*z + z = 0. Suppose 2*q + 4 - 20 = z. What are the prime factors of (-22 - 2)*(-4)/q?
2, 3
Suppose 0 = -4*j + 3*v + 15, -2*j + 4*v + 1 + 9 = 0. Suppose 2*x + j*x - 45 = 0. List the prime factors of x.
3
Suppose -2*y - 2 = -i, 0 = 2*y + i - 3*i. Let n be ((-6)/(-21))/(y/(-14)). Suppose 0 = o - 3 - n. List the prime factors of o.
5
Let m(j) = -j**3 - 7*j**2 - 7*j - 4. Let b be m(-6). Let x = b + 1. List the prime factors of (2 + -3)/((-1)/x).
3
Let s(u) = -u**3 + 3*u**2 + u. Let k be s(-4). Suppose -c + 2*j = -5*c + 88, k = 5*c + 2*j. Suppose 3*p = p + c. What are the prime factors of p?
2, 5
Suppose h = 7 - 2. Let q(i) = -i**3 - 6*i**2 - i - 8. Let m be q(-6). Let c = m + h. What are the prime factors of c?
3
Let y(f) = -6*f - 7. Let p(n) = -5*n - 7. Let m(t) = 4*p(t) - 3*y(t). Let z be m(-7). Let r = -3 + z. List the prime factors of r.
2
Suppose 0 = -5*j + 5*u + 45, 2*j - u - 3 = -2*u. Let m be -1*(1 + (j - 2)). Let x(p) = -2*p - 4. List the prime factors of x(m).
2
Let r(x) = 8*x**2 + 32*x + 22. Let a(k) = -3*k**2 - 11*k - 7. Let m(g) = 11*a(g) + 4*r(g). Let w be m(8). Let d = 15 - w. What are the prime factors of d?
2, 3
Suppose a + a = 6. Suppose 2*l + a*m + m = 0, 70 = 5*l - 4*m. What are the prime factors of l?
2, 5
Let q be (-2 - (-2 - -1)) + 7. Let z(t) be the second derivative of t**5/20 - 7*t**4/12 + 4*t**3/3 - t**2/2 - 5*t. List the prime factors of z(q).
11
Suppose q + 0 = 4, 18 = -x - 2*q. List the prime factors of x*(-4)/16*2.
13
Let l be 4/18 + 104/18. Let j(n) = n**2 - 2*n - 3. List the prime factors of j(l).
3, 7
Let o = 5 - -159. What are the prime factors of o?
2, 41
Let t(y) be the third derivative of -y**4/24 + y**3/3 - 2*y**2. Let r be t(1). List the prime factors of (2 - 13)/(-1) + r.
2, 3
Suppose 8 = n - 0*n. What are the prime factors of 90/n + 1/(-4)?
11
Let v = -7 - -10. Suppose -5*r + v*r = -20. What are the prime factors of r?
2, 5
Let g = -16 - -7. What are the prime factors of (-70)/g - (-14)/63?
2
Suppose 0*z + 48 = -4*z. Let r = 22 + z. What are the prime factors of r?
2, 5
Let d(v) = -v**2 + 25*v + 32. What are the prime factors of d(14)?
2, 3, 31
Let t(h) = -h - 3. Let z be t(-8). Suppose z*k = 15 + 40. List the prime factors of k.
11
Let q = 8 - 2. Let y(l) = l**3 - 4*l**2 - 7*l + 2. Let v be y(q). Suppose -v = -m + 5*o, -5 = m - o - 21. What are the prime factors of m?
2, 3
Suppose -1 = -4*p + 7. List the prime factors of (6/p)/(6/52).
2, 13
Suppose 2*z - 4*z = -6. List the prime factors of z*5/((-30)/(-32)).
2
Suppose -3*s + 20 = -7*s. Let i = s - -10. Suppose -3*b = -3*g + 15, 0 = -i*b - 5 - 5. What are the prime factors of g?
3
Let q = 6 + 50. List the prime factors of q.
2, 7
Let g = 47 - 17. Suppose -s = -j + 4*j + 11, 0 = -5*s + 2*j + g. List the prime factors of s.
2
Suppose 3*o - 18 = -0*o. Let f = o + -3. Let c = 6 - f. What are the prime factors of c?
3
Suppose 0 = s + 1, 22 = 3*o - 0*o - s. What are the prime factors of o?
7
List the prime factors of ((-38)/(-3))/(3/9).
2, 19
Let t(y) be the second derivative of -2*y**3/3 - y**2/2 - 3*y. List the prime factors of t(-8).
31
Let p(r) = -5*r**2 + 3*r. Let c be p(2). Let j be (-10)/35 - 46/c. Suppose 0 = j*o + 2*o - 30. List the prime factors of o.
2, 3
Let n(m) = m**2 - 7*m + 5. What are the prime factors of n(9)?
23
Let f be (0 - -1)/1*0. Suppose 3*y = -3*q + 9, f = 3*y - 0*q - 3*q - 9. What are the prime factors of y?
3
Let z(q) = q**3 - 6*q**2 - q + 21. List the prime factors of z(9).
3, 5, 17
Let l be (-4 - -3) + -2 - 19. Let k = 41 + l. What are the prime factors of k?
19
Let k = -5 - -19. What are the prime factors of k?
2, 7
Suppose 0*g = 3*g - 15. Suppose 0*j = -g*j + 110. What are the prime factors of j?
2, 11
Let p be (-1)/((2*-1)/18). Suppose p = 4*i - 47. Suppose 3*r + 35 + i = 5*o, -3*o + r + 27 = 0. List the prime factors of o.
2
Suppose -p + w - 11 = 0, 47 = -5*p + 3*p - 3*w. Let s = p + 36. What are the prime factors of s?
2, 5
Let i(x) = 2*x - 7. Let b be i(6). Suppose -3*y - 2*y = 0. Suppose b*p + 4*c - 49 = -y*c, -4*p + 56 = -c. What are the prime factors of p?
13
Let u be (3/(-2))/(3/(-6)). Suppose -f - 2*v - 3 = 2, 2*v + 15 = f. Suppose -3*y + u = -f*b + 8, 0 = 3*y - 15. What are the prime factors of b?
2
List the prime factors of 0 - ((-3)/6 + 59/(-2)).
2, 3, 5
Suppose -2*y - 4*v + 38 = 0, 3*v + 26 = 4*y - 28. List the prime factors of y.
3, 5
Suppose -2*j - 4*g - 1 - 11 = 0, 0 = -4*j + 3*g + 9. Let r = j + 4. What are the prime factors of r?
2
Let b(x) = -x + 7. What are the prime factors of b(-12)?
19
Suppose 24 = 2*x - 3*c, 4*x + 2*c - c = 48. List the prime factors of (-15)/(-4)*32/x.
2, 5
Let z(v) = -v**2 - 4*v + 15. Let x be z(-7). Let y = x - -8. List the prime factors of y.
2
Let l be 24 + 3 + -2 + 1. Suppose -g - 2*s = l - 79, -2*s - 94 = -2*g. List the prime factors of g.
7
Suppose -4*g = -3*g + 12. Suppose -3*i = -2*i - 20. Let x = i + g. List the prime factors of x.
2
Let v = -88 + 437. List the prime factors of v.
349
Suppose 0 = -r - 2*r + 129. What are the prime factors of r?
43
Suppose 2 = -q, 5*q = -j - 3*j - 42. Let y be (-1)/(-4) - 22/j. Suppose -17 - 4 = -y*r. List the prime factors of r.
7
Let b(z) = z + 6. Let l be b(-2). Suppose 0 = 2*h - k - 48, 15 = -l*h + 5*h - 5*k. List the prime factors of h.
5
Let j = -1 + 7. Suppose l + g = -3*l + 27, 2*l = 5*g - 3. Suppose -3*y + j = 3*h - 39, 0 = -2*h + 4*y + l. What are the prime factors of h?
11
Suppose 2*t = -t - 90. List the prime factors of ((-36)/15)/(9/t).
2
Let z(i) be the second derivative of 5*i**4/4 - i**3/3 - i**2 - 8*i. List the prime factors of z(2).
2, 3
What are the prime factors of 2/(-7) + (7021/49 - 4)?
139
Let f be -1*(-5 - 0 - -3). Suppose